CRAN Package Check Results for Package treeDA

Last updated on 2019-04-13 01:58:25 CEST.

Flavor Version Tinstall Tcheck Ttotal Status Flags
r-devel-linux-x86_64-debian-clang 0.0.4 0.51 2.25 2.76 ERROR
r-devel-linux-x86_64-debian-gcc 0.0.4 18.31 209.13 227.44 OK
r-devel-linux-x86_64-fedora-clang 0.0.4 278.07 OK
r-devel-linux-x86_64-fedora-gcc 0.0.4 238.27 OK
r-devel-windows-ix86+x86_64 0.0.4 57.00 252.00 309.00 OK
r-patched-linux-x86_64 0.0.4 19.18 267.98 287.16 OK
r-patched-solaris-x86 0.0.4 548.10 OK
r-release-linux-x86_64 0.0.4 13.93 276.04 289.97 OK
r-release-windows-ix86+x86_64 0.0.4 34.00 369.00 403.00 OK
r-release-osx-x86_64 0.0.4 OK
r-oldrel-windows-ix86+x86_64 0.0.4 23.00 332.00 355.00 OK
r-oldrel-osx-x86_64 0.0.4 OK

Check Details

Version: 0.0.4
Check: package dependencies
Result: ERROR
    Package required but not available: 'phyloseq'
    
    Package suggested but not available for checking: 'adaptiveGPCA'
    
    See section 'The DESCRIPTION file' in the 'Writing R Extensions'
    manual.
Flavor: r-devel-linux-x86_64-debian-clang