CRAN Package Check Results for Package tsensembler

Last updated on 2019-04-13 01:58:25 CEST.

Flavor Version Tinstall Tcheck Ttotal Status Flags
r-devel-linux-x86_64-debian-clang 0.0.4 15.90 135.54 151.44 OK
r-devel-linux-x86_64-debian-gcc 0.0.4 12.89 107.79 120.68 OK
r-devel-linux-x86_64-fedora-clang 0.0.4 181.80 NOTE
r-devel-linux-x86_64-fedora-gcc 0.0.4 180.08 NOTE
r-devel-windows-ix86+x86_64 0.0.4 29.00 182.00 211.00 OK
r-patched-linux-x86_64 0.0.4 15.48 137.26 152.74 OK
r-patched-solaris-x86 0.0.4 567.90 NOTE
r-release-linux-x86_64 0.0.4 11.26 135.49 146.75 OK
r-release-windows-ix86+x86_64 0.0.4 29.00 176.00 205.00 OK
r-release-osx-x86_64 0.0.4 NOTE
r-oldrel-windows-ix86+x86_64 0.0.4 16.00 131.00 147.00 OK
r-oldrel-osx-x86_64 0.0.4 NOTE

Additional issues

ATLAS

Check Details

Version: 0.0.4
Check: dependencies in R code
Result: NOTE
    Namespace in Imports field not imported from: ‘forecast’
     All declared Imports should be used.
Flavors: r-devel-linux-x86_64-fedora-clang, r-devel-linux-x86_64-fedora-gcc, r-patched-solaris-x86, r-release-osx-x86_64, r-oldrel-osx-x86_64