CRAN Package Check Results for Package vaersNDvax

Last updated on 2019-04-13 01:58:26 CEST.

Flavor Version Tinstall Tcheck Ttotal Status Flags
r-devel-linux-x86_64-debian-clang 1.0.4 2.27 18.28 20.55 NOTE
r-devel-linux-x86_64-debian-gcc 1.0.4 1.95 15.16 17.11 NOTE
r-devel-linux-x86_64-fedora-clang 1.0.4 25.31 NOTE
r-devel-linux-x86_64-fedora-gcc 1.0.4 23.92 NOTE
r-devel-windows-ix86+x86_64 1.0.4 8.00 31.00 39.00 NOTE
r-patched-linux-x86_64 1.0.4 2.60 18.70 21.30 NOTE
r-patched-solaris-x86 1.0.4 40.30 NOTE
r-release-linux-x86_64 1.0.4 1.88 17.00 18.88 NOTE
r-release-windows-ix86+x86_64 1.0.4 3.00 47.00 50.00 NOTE
r-release-osx-x86_64 1.0.4 NOTE
r-oldrel-windows-ix86+x86_64 1.0.4 3.00 30.00 33.00 NOTE
r-oldrel-osx-x86_64 1.0.4 NOTE

Check Details

Version: 1.0.4
Check: package dependencies
Result: NOTE
    Packages suggested but not available for checking: 'vaers', 'vaersND'
Flavors: r-devel-linux-x86_64-debian-clang, r-devel-linux-x86_64-debian-gcc, r-devel-linux-x86_64-fedora-clang, r-devel-linux-x86_64-fedora-gcc, r-devel-windows-ix86+x86_64, r-patched-linux-x86_64, r-patched-solaris-x86

Version: 1.0.4
Check: package dependencies
Result: NOTE
    Packages suggested but not available for checking: ‘vaers’ ‘vaersND’
Flavors: r-release-linux-x86_64, r-release-windows-ix86+x86_64, r-release-osx-x86_64, r-oldrel-windows-ix86+x86_64, r-oldrel-osx-x86_64