Last updated on 2019-04-13 01:58:26 CEST.
Flavor | Version | Tinstall | Tcheck | Ttotal | Status | Flags |
---|---|---|---|---|---|---|
r-devel-linux-x86_64-debian-clang | 0.5.0 | 127.97 | 108.60 | 236.57 | OK | |
r-devel-linux-x86_64-debian-gcc | 0.5.0 | 111.94 | 85.00 | 196.94 | OK | |
r-devel-linux-x86_64-fedora-clang | 0.5.0 | 303.39 | NOTE | |||
r-devel-linux-x86_64-fedora-gcc | 0.5.0 | 288.36 | OK | |||
r-devel-windows-ix86+x86_64 | 0.5.0 | 376.00 | 207.00 | 583.00 | OK | |
r-patched-linux-x86_64 | 0.5.0 | 135.09 | 104.54 | 239.63 | OK | |
r-patched-solaris-x86 | 0.5.0 | 392.70 | OK | |||
r-release-linux-x86_64 | 0.5.0 | 136.89 | 104.48 | 241.37 | OK | |
r-release-windows-ix86+x86_64 | 0.5.0 | 355.00 | 282.00 | 637.00 | OK | |
r-release-osx-x86_64 | 0.5.0 | NOTE | ||||
r-oldrel-windows-ix86+x86_64 | 0.5.0 | 246.00 | 224.00 | 470.00 | OK | |
r-oldrel-osx-x86_64 | 0.5.0 | NOTE |
Version: 0.5.0
Check: installed package size
Result: NOTE
installed size is 8.4Mb
sub-directories of 1Mb or more:
libs 7.3Mb
Flavors: r-devel-linux-x86_64-fedora-clang, r-release-osx-x86_64, r-oldrel-osx-x86_64