CRAN Package Check Results for Package vapour

Last updated on 2019-04-13 01:58:26 CEST.

Flavor Version Tinstall Tcheck Ttotal Status Flags
r-devel-linux-x86_64-debian-clang 0.1.0 40.27 34.62 74.89 OK
r-devel-linux-x86_64-debian-gcc 0.1.0 29.63 29.74 59.37 OK
r-devel-linux-x86_64-fedora-clang 0.1.0 103.46 OK
r-devel-linux-x86_64-fedora-gcc 0.1.0 94.40 OK
r-devel-windows-ix86+x86_64 0.1.0 222.00 404.00 626.00 NOTE
r-patched-linux-x86_64 0.1.0 35.34 34.67 70.01 OK
r-patched-solaris-x86 0.1.0 114.70 OK
r-release-linux-x86_64 0.1.0 34.53 31.31 65.84 OK
r-release-windows-ix86+x86_64 0.1.0 187.00 432.00 619.00 NOTE
r-release-osx-x86_64 0.1.0 ERROR
r-oldrel-windows-ix86+x86_64 0.1.0 185.00 429.00 614.00 NOTE
r-oldrel-osx-x86_64 0.1.0 ERROR

Check Details

Version: 0.1.0
Check: installed package size
Result: NOTE
     installed size is 78.6Mb
     sub-directories of 1Mb or more:
     gdal 3.8Mb
     libs 68.7Mb
     proj 5.0Mb
Flavors: r-devel-windows-ix86+x86_64, r-release-windows-ix86+x86_64, r-release-osx-x86_64, r-oldrel-windows-ix86+x86_64, r-oldrel-osx-x86_64

Version: 0.1.0
Check: tests
Result: ERROR
     Running ‘testthat.R’ [1s/1s]
    Running the tests in ‘tests/testthat.R’ failed.
    Last 13 lines of output:
     [10] 286 - 286 == 0.10135
     [15] 286 - 286 == 0.10001
     [20] 287 - 287 == 0.00702
     [21] 286 - 286 == 0.08224
     [22] 286 - 286 == 0.05923
     [23] 286 - 286 == -0.03482
     [24] 286 - 286 == -0.03793
     [25] 287 - 287 == -0.08386
    
     ══ testthat results ═══════════════════════════════════════════════════════════
     OK: 30 SKIPPED: 0 FAILED: 1
     1. Failure: resampling works (@test-rasterio-resampling.R#21)
    
     Error: testthat unit tests failed
     Execution halted
Flavor: r-release-osx-x86_64

Version: 0.1.0
Check: tests
Result: ERROR
     Running ‘testthat.R’ [2s/2s]
    Running the tests in ‘tests/testthat.R’ failed.
    Last 13 lines of output:
     [10] 286 - 286 == 0.10135
     [15] 286 - 286 == 0.10001
     [20] 287 - 287 == 0.00702
     [21] 286 - 286 == 0.08224
     [22] 286 - 286 == 0.05923
     [23] 286 - 286 == -0.03482
     [24] 286 - 286 == -0.03793
     [25] 287 - 287 == -0.08386
    
     ══ testthat results ═══════════════════════════════════════════════════════════
     OK: 30 SKIPPED: 0 FAILED: 1
     1. Failure: resampling works (@test-rasterio-resampling.R#21)
    
     Error: testthat unit tests failed
     Execution halted
Flavor: r-oldrel-osx-x86_64