Last updated on 2019-04-13 01:58:26 CEST.
Flavor | Version | Tinstall | Tcheck | Ttotal | Status | Flags |
---|---|---|---|---|---|---|
r-devel-linux-x86_64-debian-clang | 0.2 | 2.69 | 172.60 | 175.29 | OK | |
r-devel-linux-x86_64-debian-gcc | 0.2 | 2.02 | 130.48 | 132.50 | OK | |
r-devel-linux-x86_64-fedora-clang | 0.2 | 207.62 | OK | |||
r-devel-linux-x86_64-fedora-gcc | 0.2 | 190.96 | OK | |||
r-devel-windows-ix86+x86_64 | 0.2 | 7.00 | 133.00 | 140.00 | OK | |
r-patched-linux-x86_64 | 0.2 | 2.41 | 114.59 | 117.00 | OK | |
r-patched-solaris-x86 | 0.2 | 1040.30 | WARN | |||
r-release-linux-x86_64 | 0.2 | 1.64 | 160.90 | 162.54 | OK | |
r-release-windows-ix86+x86_64 | 0.2 | 3.00 | 136.00 | 139.00 | OK | |
r-release-osx-x86_64 | 0.2 | OK | ||||
r-oldrel-windows-ix86+x86_64 | 0.2 | 2.00 | 106.00 | 108.00 | OK | |
r-oldrel-osx-x86_64 | 0.2 | OK |
Version: 0.2
Check: package dependencies
Result: NOTE
Package suggested but not available for checking: ‘FSelector’
Flavor: r-patched-solaris-x86
Version: 0.2
Check: re-building of vignette outputs
Result: WARN
Error(s) in re-building vignettes:
...
--- re-building ‘varrank.Rmd’ using knitr
Loading required package: randomForest
randomForest 4.6-14
Type rfNews() to see new features/changes/bug fixes.
Attaching package: 'randomForest'
The following object is masked from 'package:ranger':
importance
The following object is masked from 'package:ggplot2':
margin
Loading required package: parallel
Quitting from lines 123-126 (varrank.Rmd)
Error: processing vignette 'varrank.Rmd' failed with diagnostics:
there is no package called 'FSelector'
--- failed re-building ‘varrank.Rmd’
SUMMARY: processing the following file failed:
‘varrank.Rmd’
Error: Vignette re-building failed.
Execution halted
Flavor: r-patched-solaris-x86