Last updated on 2019-04-13 01:58:26 CEST.
Flavor | Version | Tinstall | Tcheck | Ttotal | Status | Flags |
---|---|---|---|---|---|---|
r-devel-linux-x86_64-debian-clang | 1.1.15 | 26.78 | 176.58 | 203.36 | OK | |
r-devel-linux-x86_64-debian-gcc | 1.1.15 | 23.09 | 133.20 | 156.29 | OK | |
r-devel-linux-x86_64-fedora-clang | 1.1.15 | 220.16 | NOTE | |||
r-devel-linux-x86_64-fedora-gcc | 1.1.15 | 246.61 | OK | |||
r-devel-windows-ix86+x86_64 | 1.1.15 | 57.00 | 257.00 | 314.00 | NOTE | |
r-patched-linux-x86_64 | 1.1.15 | 28.74 | 176.62 | 205.36 | OK | |
r-patched-solaris-x86 | 1.1.15 | 319.30 | NOTE | |||
r-release-linux-x86_64 | 1.1.15 | 24.68 | 172.16 | 196.84 | OK | |
r-release-windows-ix86+x86_64 | 1.1.15 | 47.00 | 258.00 | 305.00 | NOTE | |
r-release-osx-x86_64 | 1.1.15 | ERROR | ||||
r-oldrel-windows-ix86+x86_64 | 1.1.15 | 9.00 | 260.00 | 269.00 | OK | |
r-oldrel-osx-x86_64 | 1.1.15 | ERROR |
Version: 1.1.15
Check: installed package size
Result: NOTE
installed size is 5.5Mb
sub-directories of 1Mb or more:
R 1.0Mb
doc 4.0Mb
Flavors: r-devel-linux-x86_64-fedora-clang, r-devel-windows-ix86+x86_64, r-patched-solaris-x86, r-release-windows-ix86+x86_64
Version: 1.1.15
Check: package dependencies
Result: ERROR
Package required but not available: ‘bioacoustics’
See section ‘The DESCRIPTION file’ in the ‘Writing R Extensions’
manual.
Flavors: r-release-osx-x86_64, r-oldrel-osx-x86_64