CRAN Package Check Results for Package wordnet

Last updated on 2019-04-13 01:58:27 CEST.

Flavor Version Tinstall Tcheck Ttotal Status Flags
r-devel-linux-x86_64-debian-clang 0.1-14 2.66 36.23 38.89 OK
r-devel-linux-x86_64-debian-gcc 0.1-14 2.48 28.88 31.36 OK
r-devel-linux-x86_64-fedora-clang 0.1-14 47.41 OK
r-devel-linux-x86_64-fedora-gcc 0.1-14 46.49 OK
r-devel-windows-ix86+x86_64 0.1-14 11.00 47.00 58.00 OK
r-patched-linux-x86_64 0.1-14 2.93 36.70 39.63 OK
r-patched-solaris-x86 0.1-14 72.10 OK
r-release-linux-x86_64 0.1-14 1.97 34.96 36.93 OK
r-release-windows-ix86+x86_64 0.1-14 8.00 48.00 56.00 OK
r-release-osx-x86_64 0.1-14 NOTE
r-oldrel-windows-ix86+x86_64 0.1-14 5.00 62.00 67.00 OK
r-oldrel-osx-x86_64 0.1-14 NOTE

Check Details

Version: 0.1-14
Check: whether the namespace can be loaded with stated dependencies
Result: NOTE
    Warning in initDict() :
     cannot find WordNet 'dict' directory: please set the environment variable WNHOME to its parent
    
    A namespace must be able to be loaded with just the base namespace
    loaded: otherwise if the namespace gets loaded by a saved object, the
    session will be unable to start.
    
    Probably some imports need to be declared in the NAMESPACE file.
Flavors: r-release-osx-x86_64, r-oldrel-osx-x86_64