CRAN Package Check Results for Package AMOEBA

Last updated on 2019-04-21 01:47:38 CEST.

Flavor Version Tinstall Tcheck Ttotal Status Flags
r-devel-linux-x86_64-debian-clang 1.1 9.14 72.10 81.24 NOTE
r-devel-linux-x86_64-debian-gcc 1.1 8.20 60.53 68.73 NOTE
r-devel-linux-x86_64-fedora-clang 1.1 104.92 NOTE
r-devel-linux-x86_64-fedora-gcc 1.1 107.45 NOTE
r-devel-windows-ix86+x86_64 1.1 26.00 87.00 113.00 NOTE
r-patched-linux-x86_64 1.1 9.40 71.30 80.70 NOTE
r-patched-solaris-x86 1.1 166.10 NOTE
r-release-linux-x86_64 1.1 5.13 69.87 75.00 NOTE
r-release-windows-ix86+x86_64 1.1 9.00 114.00 123.00 NOTE
r-release-osx-x86_64 1.1 NOTE
r-oldrel-windows-ix86+x86_64 1.1 12.00 122.00 134.00 NOTE
r-oldrel-osx-x86_64 1.1 NOTE

Check Details

Version: 1.1
Check: R code for possible problems
Result: NOTE
    AMOEBA : Classi: no visible global function definition for 'sd'
    Undefined global functions or variables:
     sd
    Consider adding
     importFrom("stats", "sd")
    to your NAMESPACE file.
Flavors: r-devel-linux-x86_64-debian-clang, r-devel-linux-x86_64-debian-gcc, r-devel-linux-x86_64-fedora-clang, r-devel-linux-x86_64-fedora-gcc, r-devel-windows-ix86+x86_64, r-patched-linux-x86_64, r-patched-solaris-x86, r-release-linux-x86_64, r-release-windows-ix86+x86_64, r-release-osx-x86_64, r-oldrel-windows-ix86+x86_64, r-oldrel-osx-x86_64