Last updated on 2019-04-21 01:47:39 CEST.
Flavor | Version | Tinstall | Tcheck | Ttotal | Status | Flags |
---|---|---|---|---|---|---|
r-devel-linux-x86_64-debian-clang | 1.2 | 6.54 | 78.49 | 85.03 | NOTE | |
r-devel-linux-x86_64-debian-gcc | 1.2 | 7.01 | 61.15 | 68.16 | NOTE | |
r-devel-linux-x86_64-fedora-clang | 1.2 | 185.50 | NOTE | |||
r-devel-linux-x86_64-fedora-gcc | 1.2 | 108.33 | NOTE | |||
r-devel-windows-ix86+x86_64 | 1.2 | 20.00 | 375.00 | 395.00 | NOTE | |
r-patched-linux-x86_64 | 1.2 | 7.69 | 76.05 | 83.74 | NOTE | |
r-patched-solaris-x86 | 1.2 | 151.40 | NOTE | |||
r-release-linux-x86_64 | 1.2 | 3.78 | 72.94 | 76.72 | NOTE | |
r-release-windows-ix86+x86_64 | 1.2 | 8.00 | 426.00 | 434.00 | NOTE | |
r-release-osx-x86_64 | 1.2 | NOTE | ||||
r-oldrel-windows-ix86+x86_64 | 1.2 | 8.00 | 420.00 | 428.00 | NOTE | |
r-oldrel-osx-x86_64 | 1.2 | NOTE |
Version: 1.2
Check: R code for possible problems
Result: NOTE
LHSdesign: no visible global function definition for 'qnorm'
LHSdesign: no visible global function definition for 'qunif'
LHSdesign: no visible global function definition for 'qt'
MCdesign: no visible global function definition for 'rnorm'
MCdesign: no visible global function definition for 'runif'
MCdesign: no visible global function definition for 'rt'
Undefined global functions or variables:
qnorm qt qunif rnorm rt runif
Consider adding
importFrom("stats", "qnorm", "qt", "qunif", "rnorm", "rt", "runif")
to your NAMESPACE file.
Flavors: r-devel-linux-x86_64-debian-clang, r-devel-linux-x86_64-debian-gcc, r-devel-linux-x86_64-fedora-clang, r-devel-linux-x86_64-fedora-gcc, r-devel-windows-ix86+x86_64, r-patched-linux-x86_64, r-patched-solaris-x86, r-release-linux-x86_64, r-release-windows-ix86+x86_64, r-release-osx-x86_64, r-oldrel-windows-ix86+x86_64, r-oldrel-osx-x86_64