CRAN Package Check Results for Package AWR.Athena

Last updated on 2019-04-21 01:47:39 CEST.

Flavor Version Tinstall Tcheck Ttotal Status Flags
r-devel-linux-x86_64-debian-clang 2.0.6-1 4.85 33.34 38.19 OK
r-devel-linux-x86_64-debian-gcc 2.0.6-1 3.92 29.05 32.97 OK
r-devel-linux-x86_64-fedora-clang 2.0.6-1 48.08 NOTE
r-devel-linux-x86_64-fedora-gcc 2.0.6-1 48.01 OK
r-devel-windows-ix86+x86_64 2.0.6-1 29.00 44.00 73.00 NOTE
r-patched-linux-x86_64 2.0.6-1 4.53 33.12 37.65 OK
r-patched-solaris-x86 2.0.6-1 67.90 NOTE
r-release-linux-x86_64 2.0.6-1 2.72 31.82 34.54 OK
r-release-windows-ix86+x86_64 2.0.6-1 19.00 62.00 81.00 NOTE
r-release-osx-x86_64 2.0.6-1 NOTE
r-oldrel-windows-ix86+x86_64 2.0.6-1 19.00 64.00 83.00 NOTE
r-oldrel-osx-x86_64 2.0.6-1 NOTE

Check Details

Version: 2.0.6-1
Check: installed package size
Result: NOTE
     installed size is 7.6Mb
     sub-directories of 1Mb or more:
     java 7.4Mb
Flavors: r-devel-linux-x86_64-fedora-clang, r-devel-windows-ix86+x86_64, r-patched-solaris-x86, r-release-windows-ix86+x86_64, r-release-osx-x86_64, r-oldrel-windows-ix86+x86_64, r-oldrel-osx-x86_64