Last updated on 2019-04-21 01:47:39 CEST.
Flavor | Version | Tinstall | Tcheck | Ttotal | Status | Flags |
---|---|---|---|---|---|---|
r-devel-linux-x86_64-debian-clang | 1.5 | 4.63 | 30.46 | 35.09 | NOTE | |
r-devel-linux-x86_64-debian-gcc | 1.5 | 4.40 | 26.73 | 31.13 | NOTE | |
r-devel-linux-x86_64-fedora-clang | 1.5 | 43.97 | NOTE | |||
r-devel-linux-x86_64-fedora-gcc | 1.5 | 44.36 | NOTE | |||
r-devel-windows-ix86+x86_64 | 1.5 | 10.00 | 42.00 | 52.00 | NOTE | |
r-patched-linux-x86_64 | 1.5 | 3.88 | 31.04 | 34.92 | NOTE | |
r-patched-solaris-x86 | 1.5 | 57.80 | NOTE | |||
r-release-linux-x86_64 | 1.5 | 3.36 | 28.81 | 32.17 | NOTE | |
r-release-windows-ix86+x86_64 | 1.5 | 5.00 | 54.00 | 59.00 | NOTE | |
r-release-osx-x86_64 | 1.5 | NOTE | ||||
r-oldrel-windows-ix86+x86_64 | 1.5 | 4.00 | 63.00 | 67.00 | NOTE | |
r-oldrel-osx-x86_64 | 1.5 | NOTE |
Version: 1.5
Check: R code for possible problems
Result: NOTE
gLog.ep: no visible global function definition for 'quantile'
gedestp: no visible global function definition for 'na.omit'
gedestp: no visible global function definition for 'optim'
gets.mean: no visible global function definition for 'start'
gets.mean: no visible global function definition for 'end'
gets.mean: no visible global function definition for 'window'
gets.mean: no visible global function definition for 'pt'
gets.mean: no visible global function definition for 'Box.test'
gets.mean: no visible global function definition for 'pchisq'
gets.vol: no visible global function definition for 'start'
gets.vol: no visible global function definition for 'end'
gets.vol: no visible global function definition for 'window'
gets.vol: no visible global function definition for 'pt'
gets.vol: no visible global function definition for 'Box.test'
gets.vol: no visible global function definition for 'pchisq'
jb.test: no visible global function definition for 'pchisq'
skewness.test: no visible global function definition for 'pchisq'
sm: no visible global function definition for 'start'
sm: no visible global function definition for 'end'
sm: no visible global function definition for 'window'
sm: no visible global function definition for 'pt'
sm: no visible global function definition for 'pchisq'
sm: no visible global function definition for 'Box.test'
Undefined global functions or variables:
Box.test end na.omit optim pchisq pt quantile start window
Consider adding
importFrom("stats", "Box.test", "end", "na.omit", "optim", "pchisq",
"pt", "quantile", "start", "window")
to your NAMESPACE file.
Flavors: r-devel-linux-x86_64-debian-clang, r-devel-linux-x86_64-debian-gcc, r-devel-linux-x86_64-fedora-clang, r-devel-linux-x86_64-fedora-gcc, r-devel-windows-ix86+x86_64, r-patched-linux-x86_64, r-patched-solaris-x86, r-release-linux-x86_64, r-release-windows-ix86+x86_64, r-release-osx-x86_64, r-oldrel-windows-ix86+x86_64, r-oldrel-osx-x86_64