Last updated on 2019-04-21 01:47:39 CEST.
Flavor | Version | Tinstall | Tcheck | Ttotal | Status | Flags |
---|---|---|---|---|---|---|
r-devel-linux-x86_64-debian-clang | 2.1 | 5.01 | 30.63 | 35.64 | OK | |
r-devel-linux-x86_64-debian-gcc | 2.1 | 4.51 | 27.65 | 32.16 | OK | |
r-devel-linux-x86_64-fedora-clang | 2.1 | 42.85 | OK | |||
r-devel-linux-x86_64-fedora-gcc | 2.1 | 45.97 | OK | |||
r-devel-windows-ix86+x86_64 | 2.1 | 13.00 | 45.00 | 58.00 | OK | |
r-patched-linux-x86_64 | 2.1 | 4.79 | 30.44 | 35.23 | NOTE | |
r-patched-solaris-x86 | 2.1 | 60.10 | OK | |||
r-release-linux-x86_64 | 2.1 | 4.89 | 29.00 | 33.89 | NOTE | |
r-release-windows-ix86+x86_64 | 2.1 | 6.00 | 60.00 | 66.00 | OK | |
r-release-osx-x86_64 | 2.1 | OK | ||||
r-oldrel-windows-ix86+x86_64 | 2.1 | 4.00 | 57.00 | 61.00 | OK | |
r-oldrel-osx-x86_64 | 2.1 | OK |
Version: 2.1
Check: DESCRIPTION meta-information
Result: NOTE
Dependence on R version ‘3.4.1’ not with patchlevel 0
Flavors: r-patched-linux-x86_64, r-release-linux-x86_64