CRAN Package Check Results for Package BrailleR

Last updated on 2019-04-21 01:47:41 CEST.

Flavor Version Tinstall Tcheck Ttotal Status Flags
r-devel-linux-x86_64-debian-clang 0.29.1 18.25 221.05 239.30 NOTE
r-devel-linux-x86_64-debian-gcc 0.29.1 14.63 170.00 184.63 NOTE
r-devel-linux-x86_64-fedora-clang 0.29.1 278.60 NOTE
r-devel-linux-x86_64-fedora-gcc 0.29.1 282.60 NOTE
r-devel-windows-ix86+x86_64 0.29.1 49.00 321.00 370.00 OK
r-patched-linux-x86_64 0.29.1 16.03 215.50 231.53 NOTE
r-patched-solaris-x86 0.29.1 394.00 NOTE
r-release-linux-x86_64 0.29.1 13.64 194.36 208.00 NOTE
r-release-windows-ix86+x86_64 0.29.1 24.00 190.00 214.00 OK
r-release-osx-x86_64 0.29.1 OK
r-oldrel-windows-ix86+x86_64 0.29.1 36.00 303.00 339.00 OK
r-oldrel-osx-x86_64 0.29.1 OK

Check Details

Version: 0.29.1
Check: package dependencies
Result: NOTE
    Package suggested but not available for checking: 'installr'
Flavors: r-devel-linux-x86_64-debian-clang, r-devel-linux-x86_64-debian-gcc, r-devel-linux-x86_64-fedora-clang, r-devel-linux-x86_64-fedora-gcc, r-patched-linux-x86_64, r-patched-solaris-x86, r-release-linux-x86_64