CRAN Package Check Results for Package CTAShiny

Last updated on 2019-04-21 01:47:44 CEST.

Flavor Version Tinstall Tcheck Ttotal Status Flags
r-devel-linux-x86_64-debian-clang 0.1.0 1.46 16.37 17.83 OK
r-devel-linux-x86_64-debian-gcc 0.1.0 1.95 16.33 18.28 OK
r-devel-linux-x86_64-fedora-clang 0.1.0 21.91 NOTE
r-devel-linux-x86_64-fedora-gcc 0.1.0 20.39 NOTE
r-devel-windows-ix86+x86_64 0.1.0 5.00 29.00 34.00 OK
r-patched-linux-x86_64 0.1.0 1.47 16.32 17.79 OK
r-patched-solaris-x86 0.1.0 33.40 NOTE
r-release-linux-x86_64 0.1.0 0.78 15.34 16.12 OK
r-release-windows-ix86+x86_64 0.1.0 2.00 36.00 38.00 OK
r-release-osx-x86_64 0.1.0 NOTE
r-oldrel-windows-ix86+x86_64 0.1.0 1.00 6.00 7.00 ERROR

Check Details

Version: 0.1.0
Check: dependencies in R code
Result: NOTE
    Namespaces in Imports field not imported from:
     ‘epitools’ ‘rpivotTable’ ‘shinyMatrix’
     All declared Imports should be used.
Flavors: r-devel-linux-x86_64-fedora-clang, r-devel-linux-x86_64-fedora-gcc, r-patched-solaris-x86, r-release-osx-x86_64

Version: 0.1.0
Check: package dependencies
Result: ERROR
    Package required but not available: 'shinyMatrix'
    
    See section 'The DESCRIPTION file' in the 'Writing R Extensions'
    manual.
Flavor: r-oldrel-windows-ix86+x86_64