CRAN Package Check Results for Package CloneSeeker

Last updated on 2019-04-21 01:47:42 CEST.

Flavor Version Tinstall Tcheck Ttotal Status Flags
r-devel-linux-x86_64-debian-clang 1.0.4 5.54 195.73 201.27 OK
r-devel-linux-x86_64-debian-gcc 1.0.4 4.50 148.53 153.03 OK
r-devel-linux-x86_64-fedora-clang 1.0.4 223.15 NOTE
r-devel-linux-x86_64-fedora-gcc 1.0.4 211.28 NOTE
r-devel-windows-ix86+x86_64 1.0.4 17.00 258.00 275.00 OK
r-patched-linux-x86_64 1.0.4 5.37 189.72 195.09 OK
r-patched-solaris-x86 1.0.4 289.70 NOTE
r-release-linux-x86_64 1.0.4 4.09 191.79 195.88 OK
r-release-windows-ix86+x86_64 1.0.4 8.00 198.00 206.00 OK
r-release-osx-x86_64 1.0.4 NOTE
r-oldrel-windows-ix86+x86_64 1.0.4 6.00 202.00 208.00 OK

Additional issues

noLD

Check Details

Version: 1.0.4
Check: dependencies in R code
Result: NOTE
    Namespaces in Imports field not imported from:
     ‘cluster’ ‘sirt’
     All declared Imports should be used.
Flavors: r-devel-linux-x86_64-fedora-clang, r-devel-linux-x86_64-fedora-gcc, r-patched-solaris-x86, r-release-osx-x86_64