Last updated on 2019-04-21 01:47:44 CEST.
Flavor | Version | Tinstall | Tcheck | Ttotal | Status | Flags |
---|---|---|---|---|---|---|
r-devel-linux-x86_64-debian-clang | 2.0.2 | 180.44 | 82.54 | 262.98 | OK | |
r-devel-linux-x86_64-debian-gcc | 2.0.2 | 149.85 | 69.85 | 219.70 | OK | |
r-devel-linux-x86_64-fedora-clang | 2.0.2 | 402.55 | NOTE | |||
r-devel-linux-x86_64-fedora-gcc | 2.0.2 | 348.31 | OK | |||
r-devel-windows-ix86+x86_64 | 2.0.2 | 483.00 | 212.00 | 695.00 | OK | |
r-patched-linux-x86_64 | 2.0.2 | 174.20 | 82.12 | 256.32 | OK | |
r-patched-solaris-x86 | 2.0.2 | 366.70 | NOTE | |||
r-release-linux-x86_64 | 2.0.2 | 169.72 | 83.32 | 253.04 | OK | |
r-release-windows-ix86+x86_64 | 2.0.2 | 378.00 | 153.00 | 531.00 | OK | |
r-release-osx-x86_64 | 2.0.2 | NOTE | ||||
r-oldrel-windows-ix86+x86_64 | 2.0.2 | 340.00 | 204.00 | 544.00 | OK | |
r-oldrel-osx-x86_64 | 2.0.2 | NOTE |
Version: 2.0.2
Check: installed package size
Result: NOTE
installed size is 23.2Mb
sub-directories of 1Mb or more:
libs 22.3Mb
Flavors: r-devel-linux-x86_64-fedora-clang, r-patched-solaris-x86, r-release-osx-x86_64, r-oldrel-osx-x86_64