Last updated on 2019-04-21 01:47:44 CEST.
Flavor | Version | Tinstall | Tcheck | Ttotal | Status | Flags |
---|---|---|---|---|---|---|
r-devel-linux-x86_64-debian-clang | 0.3.0 | 4.67 | 80.91 | 85.58 | OK | |
r-devel-linux-x86_64-debian-gcc | 0.3.0 | 4.59 | 71.74 | 76.33 | OK | |
r-devel-linux-x86_64-fedora-clang | 0.3.0 | 102.82 | OK | |||
r-devel-linux-x86_64-fedora-gcc | 0.3.0 | 93.67 | OK | |||
r-devel-windows-ix86+x86_64 | 0.3.0 | 14.00 | 130.00 | 144.00 | OK | |
r-patched-linux-x86_64 | 0.3.0 | 4.16 | 75.78 | 79.94 | OK | |
r-patched-solaris-x86 | 0.3.0 | 156.80 | NOTE | |||
r-release-linux-x86_64 | 0.3.0 | 3.43 | 75.82 | 79.25 | OK | |
r-release-windows-ix86+x86_64 | 0.3.0 | 6.00 | 99.00 | 105.00 | WARN | |
r-release-osx-x86_64 | 0.3.0 | OK | ||||
r-oldrel-windows-ix86+x86_64 | 0.3.0 | 10.00 | 141.00 | 151.00 | WARN | |
r-oldrel-osx-x86_64 | 0.3.0 | OK |
Version: 0.3.0
Check: package dependencies
Result: NOTE
Package suggested but not available for checking: ‘xgboost’
Flavor: r-patched-solaris-x86
Version: 0.3.0
Check: whether package can be installed
Result: WARN
Found the following significant warnings:
Warning: S3 methods '[.fun_list', '[.grouped_df', 'all.equal.tbl_df', 'anti_join.data.frame', 'anti_join.tbl_df', 'arrange.data.frame', 'arrange.default', 'arrange.grouped_df', 'arrange.tbl_df', 'arrange_.data.frame', 'arrange_.tbl_df', 'as.data.frame.grouped_df', 'as.data.frame.rowwise_df', 'as.data.frame.tbl_cube', 'as.table.tbl_cube', 'as.tbl.data.frame', 'as.tbl.tbl', 'as.tbl_cube.array', 'as.tbl_cube.data.frame', 'as.tbl_cube.matrix', 'as.tbl_cube.table', 'as_tibble.grouped_df', 'as_tibble.tbl_cube', 'auto_copy.tbl_cube', 'auto_copy.tbl_df', 'cbind.grouped_df', 'collapse.data.frame', 'collect.data.frame', 'common_by.NULL', 'common_by.character', 'common_by.default', 'common_by.list', 'compute.data.frame', 'copy_to.DBIConnection', 'copy_to.src_local', 'default_missing.data.frame', 'default_missing.default', 'dim.tbl_cube', 'distinct.data.frame', 'distinct.default', 'distinct.grouped_df', 'distinct.tbl_df', 'distinct_.data.frame', 'distinct_.grouped_df', 'distinct_.tbl_df', 'do.NULL', 'do.da [... truncated]
Flavors: r-release-windows-ix86+x86_64, r-oldrel-windows-ix86+x86_64