Last updated on 2019-04-21 01:47:45 CEST.
Flavor | Version | Tinstall | Tcheck | Ttotal | Status | Flags |
---|---|---|---|---|---|---|
r-devel-linux-x86_64-debian-clang | 1.0.1 | 21.45 | 190.59 | 212.04 | OK | |
r-devel-linux-x86_64-debian-gcc | 1.0.1 | 17.43 | 155.70 | 173.13 | OK | |
r-devel-linux-x86_64-fedora-clang | 1.0.1 | 250.46 | OK | |||
r-devel-linux-x86_64-fedora-gcc | 1.0.1 | 243.94 | OK | |||
r-devel-windows-ix86+x86_64 | 1.0.1 | 61.00 | 270.00 | 331.00 | NOTE | |
r-patched-linux-x86_64 | 1.0.1 | 19.41 | 187.27 | 206.68 | OK | |
r-patched-solaris-x86 | 1.0.1 | 381.10 | OK | |||
r-release-linux-x86_64 | 1.0.1 | 12.05 | 188.44 | 200.49 | OK | |
r-release-windows-ix86+x86_64 | 1.0.1 | 6.00 | 5.00 | 11.00 | ERROR | |
r-release-osx-x86_64 | 1.0.1 | OK | ||||
r-oldrel-windows-ix86+x86_64 | 1.0.1 | 6.00 | 6.00 | 12.00 | ERROR | |
r-oldrel-osx-x86_64 | 1.0.1 | ERROR |
Version: 1.0.1
Check: package dependencies
Result: NOTE
Package suggested but not available for checking: 'doMC'
Flavors: r-devel-windows-ix86+x86_64, r-release-windows-ix86+x86_64, r-oldrel-windows-ix86+x86_64
Version: 1.0.1
Check: whether package can be installed
Result: ERROR
Installation failed.
Flavors: r-release-windows-ix86+x86_64, r-oldrel-windows-ix86+x86_64
Version: 1.0.1
Check: package dependencies
Result: ERROR
Package required but not available: ‘WGCNA’
Package suggested but not available for checking: ‘org.Hs.eg.db’
See section ‘The DESCRIPTION file’ in the ‘Writing R Extensions’
manual.
Flavor: r-oldrel-osx-x86_64