Last updated on 2019-04-21 01:47:46 CEST.
Flavor | Version | Tinstall | Tcheck | Ttotal | Status | Flags |
---|---|---|---|---|---|---|
r-devel-linux-x86_64-debian-clang | 2015.6.26.1 | 30.43 | 37.26 | 67.69 | OK | |
r-devel-linux-x86_64-debian-gcc | 2015.6.26.1 | 30.23 | 33.79 | 64.02 | OK | |
r-devel-linux-x86_64-fedora-clang | 2015.6.26.1 | 87.05 | NOTE | |||
r-devel-linux-x86_64-fedora-gcc | 2015.6.26.1 | 86.61 | OK | |||
r-devel-windows-ix86+x86_64 | 2015.6.26.1 | 49.00 | 55.00 | 104.00 | NOTE | |
r-patched-linux-x86_64 | 2015.6.26.1 | 29.83 | 37.76 | 67.59 | OK | |
r-patched-solaris-x86 | 2015.6.26.1 | 163.10 | NOTE | |||
r-release-linux-x86_64 | 2015.6.26.1 | 30.65 | 36.27 | 66.92 | OK | |
r-release-windows-ix86+x86_64 | 2015.6.26.1 | 39.00 | 51.00 | 90.00 | NOTE | |
r-release-osx-x86_64 | 2015.6.26.1 | NOTE | ||||
r-oldrel-windows-ix86+x86_64 | 2015.6.26.1 | 39.00 | 66.00 | 105.00 | NOTE | |
r-oldrel-osx-x86_64 | 2015.6.26.1 | NOTE |
Version: 2015.6.26.1
Check: installed package size
Result: NOTE
installed size is 11.7Mb
sub-directories of 1Mb or more:
data 11.5Mb
Flavors: r-devel-linux-x86_64-fedora-clang, r-devel-windows-ix86+x86_64, r-patched-solaris-x86, r-release-windows-ix86+x86_64, r-release-osx-x86_64, r-oldrel-windows-ix86+x86_64, r-oldrel-osx-x86_64