CRAN Package Check Results for Package FRCC

Last updated on 2019-04-21 01:47:48 CEST.

Flavor Version Tinstall Tcheck Ttotal Status Flags
r-devel-linux-x86_64-debian-clang 1.0 2.12 27.84 29.96 NOTE
r-devel-linux-x86_64-debian-gcc 1.0 2.20 27.23 29.43 NOTE
r-devel-linux-x86_64-fedora-clang 1.0 34.58 NOTE
r-devel-linux-x86_64-fedora-gcc 1.0 34.79 NOTE
r-devel-windows-ix86+x86_64 1.0 9.00 53.00 62.00 NOTE
r-patched-linux-x86_64 1.0 1.79 24.85 26.64 NOTE
r-patched-solaris-x86 1.0 57.70 NOTE
r-release-linux-x86_64 1.0 1.42 22.45 23.87 NOTE
r-release-windows-ix86+x86_64 1.0 3.00 71.00 74.00 NOTE
r-release-osx-x86_64 1.0 NOTE
r-oldrel-windows-ix86+x86_64 1.0 3.00 51.00 54.00 NOTE
r-oldrel-osx-x86_64 1.0 NOTE

Check Details

Version: 1.0
Check: dependencies in R code
Result: NOTE
    'library' or 'require' calls to packages already attached by Depends:
     'CCP' 'MASS' 'calibrate' 'corpcor'
     Please remove these calls from your code.
    Packages in Depends field not imported from:
     'CCP' 'MASS' 'calibrate' 'corpcor'
     These packages need to be imported from (in the NAMESPACE file)
     for when this namespace is loaded but not attached.
Flavors: r-devel-linux-x86_64-debian-clang, r-devel-linux-x86_64-debian-gcc, r-devel-linux-x86_64-fedora-clang, r-devel-linux-x86_64-fedora-gcc, r-devel-windows-ix86+x86_64, r-patched-linux-x86_64, r-patched-solaris-x86, r-release-linux-x86_64, r-release-windows-ix86+x86_64, r-release-osx-x86_64, r-oldrel-windows-ix86+x86_64, r-oldrel-osx-x86_64

Version: 1.0
Check: R code for possible problems
Result: NOTE
    custom.draw.circle: no visible global function definition for 'lines'
    frcc: no visible binding for global variable 'sd'
    frcc: no visible global function definition for 'cor.shrink'
    frcc: no visible global function definition for 'cor'
    frcc: no visible global function definition for 'p.asym'
    generate_multivariate_normal_sample: no visible global function
     definition for 'mvrnorm'
    plot_units: no visible binding for global variable 'sd'
    plot_units: no visible global function definition for 'plot'
    plot_units: no visible global function definition for 'points'
    plot_units: no visible global function definition for 'textxy'
    plot_variables: no visible global function definition for 'plot'
    plot_variables: no visible global function definition for 'points'
    plot_variables: no visible global function definition for 'textxy'
    plot_variables: no visible global function definition for 'segments'
    Undefined global functions or variables:
     cor cor.shrink lines mvrnorm p.asym plot points sd segments textxy
    Consider adding
     importFrom("graphics", "lines", "plot", "points", "segments")
     importFrom("stats", "cor", "sd")
    to your NAMESPACE file.
Flavors: r-devel-linux-x86_64-debian-clang, r-devel-linux-x86_64-debian-gcc, r-devel-linux-x86_64-fedora-clang, r-devel-linux-x86_64-fedora-gcc, r-devel-windows-ix86+x86_64, r-patched-linux-x86_64, r-patched-solaris-x86, r-release-linux-x86_64, r-release-windows-ix86+x86_64, r-release-osx-x86_64, r-oldrel-windows-ix86+x86_64, r-oldrel-osx-x86_64