CRAN Package Check Results for Package GLMaSPU

Last updated on 2019-04-21 01:47:49 CEST.

Flavor Version Tinstall Tcheck Ttotal Status Flags
r-devel-linux-x86_64-debian-clang 1.0 26.95 26.22 53.17 OK
r-devel-linux-x86_64-debian-gcc 1.0 21.84 27.37 49.21 OK
r-devel-linux-x86_64-fedora-clang 1.0 72.49 NOTE
r-devel-linux-x86_64-fedora-gcc 1.0 67.45 NOTE
r-devel-windows-ix86+x86_64 1.0 70.00 78.00 148.00 OK
r-patched-linux-x86_64 1.0 25.49 26.45 51.94 OK
r-patched-solaris-x86 1.0 81.00 OK
r-release-linux-x86_64 1.0 24.94 25.08 50.02 OK
r-release-windows-ix86+x86_64 1.0 46.00 56.00 102.00 OK
r-release-osx-x86_64 1.0 OK
r-oldrel-windows-ix86+x86_64 1.0 46.00 73.00 119.00 OK
r-oldrel-osx-x86_64 1.0 OK

Check Details

Version: 1.0
Check: compiled code
Result: NOTE
    File ‘GLMaSPU/libs/GLMaSPU.so’:
     Found no calls to: ‘R_registerRoutines’, ‘R_useDynamicSymbols’
    
    It is good practice to register native routines and to disable symbol
    search.
    
    See ‘Writing portable packages’ in the ‘Writing R Extensions’ manual.
Flavors: r-devel-linux-x86_64-fedora-clang, r-devel-linux-x86_64-fedora-gcc