Last updated on 2019-04-21 01:47:49 CEST.
Flavor | Version | Tinstall | Tcheck | Ttotal | Status | Flags |
---|---|---|---|---|---|---|
r-devel-linux-x86_64-debian-clang | 1.2.2 | 6.99 | 54.68 | 61.67 | OK | |
r-devel-linux-x86_64-debian-gcc | 1.2.2 | 5.57 | 45.77 | 51.34 | OK | |
r-devel-linux-x86_64-fedora-clang | 1.2.2 | 72.36 | NOTE | |||
r-devel-linux-x86_64-fedora-gcc | 1.2.2 | 69.97 | NOTE | |||
r-devel-windows-ix86+x86_64 | 1.2.2 | 17.00 | 82.00 | 99.00 | OK | |
r-patched-linux-x86_64 | 1.2.2 | 6.70 | 54.23 | 60.93 | OK | |
r-patched-solaris-x86 | 1.2.2 | 113.20 | NOTE | |||
r-release-linux-x86_64 | 1.2.2 | 4.59 | 52.79 | 57.38 | OK | |
r-release-windows-ix86+x86_64 | 1.2.2 | 7.00 | 63.00 | 70.00 | OK | |
r-release-osx-x86_64 | 1.2.2 | NOTE | ||||
r-oldrel-windows-ix86+x86_64 | 1.2.2 | 7.00 | 80.00 | 87.00 | OK | |
r-oldrel-osx-x86_64 | 1.2.2 | NOTE |
Version: 1.2.2
Check: dependencies in R code
Result: NOTE
Namespaces in Imports field not imported from:
‘doParallel’ ‘foreach’ ‘spgwr’
All declared Imports should be used.
Flavors: r-devel-linux-x86_64-fedora-clang, r-devel-linux-x86_64-fedora-gcc, r-patched-solaris-x86, r-release-osx-x86_64, r-oldrel-osx-x86_64