CRAN Package Check Results for Package HAC

Last updated on 2019-04-21 01:47:49 CEST.

Flavor Version Tinstall Tcheck Ttotal Status Flags
r-devel-linux-x86_64-debian-clang 1.0-5 10.09 88.44 98.53 OK
r-devel-linux-x86_64-debian-gcc 1.0-5 9.60 72.62 82.22 OK
r-devel-linux-x86_64-fedora-clang 1.0-5 118.34 OK
r-devel-linux-x86_64-fedora-gcc 1.0-5 116.86 OK
r-devel-windows-ix86+x86_64 1.0-5 24.00 161.00 185.00 OK
r-patched-linux-x86_64 1.0-5 9.09 87.54 96.63 OK
r-patched-solaris-x86 1.0-5 168.10 OK
r-release-linux-x86_64 1.0-5 5.23 84.05 89.28 OK
r-release-windows-ix86+x86_64 1.0-5 12.00 134.00 146.00 OK
r-release-osx-x86_64 1.0-5 OK
r-oldrel-windows-ix86+x86_64 1.0-5 8.00 144.00 152.00 OK
r-oldrel-osx-x86_64 1.0-5 ERROR

Check Details

Version: 1.0-5
Check: package dependencies
Result: ERROR
    Package required but not available: ‘copula’
    
    See section ‘The DESCRIPTION file’ in the ‘Writing R Extensions’
    manual.
Flavor: r-oldrel-osx-x86_64