CRAN Package Check Results for Package HGSL

Last updated on 2019-04-21 01:47:50 CEST.

Flavor Version Tinstall Tcheck Ttotal Status Flags
r-devel-linux-x86_64-debian-clang 1.0.0 1.49 16.31 17.80 OK
r-devel-linux-x86_64-debian-gcc 1.0.0 1.85 16.33 18.18 OK
r-devel-linux-x86_64-fedora-clang 1.0.0 21.30 OK
r-devel-linux-x86_64-fedora-gcc 1.0.0 20.60 OK
r-devel-windows-ix86+x86_64 1.0.0 4.00 26.00 30.00 OK
r-patched-linux-x86_64 1.0.0 1.41 16.42 17.83 OK
r-patched-solaris-x86 1.0.0 33.00 OK
r-release-linux-x86_64 1.0.0 0.87 15.26 16.13 OK
r-release-windows-ix86+x86_64 1.0.0 2.00 23.00 25.00 OK
r-release-osx-x86_64 1.0.0 OK
r-oldrel-osx-x86_64 1.0.0 ERROR

Check Details

Version: 1.0.0
Check: whether package can be installed
Result: ERROR
    Installation failed.
Flavor: r-oldrel-osx-x86_64