CRAN Package Check Results for Package ICAOD

Last updated on 2019-04-21 01:47:50 CEST.

Flavor Version Tinstall Tcheck Ttotal Status Flags
r-devel-linux-x86_64-debian-clang 0.9.8 119.48 110.46 229.94 OK
r-devel-linux-x86_64-debian-gcc 0.9.9 96.44 129.81 226.25 OK
r-devel-linux-x86_64-fedora-clang 0.9.9 329.51 NOTE
r-devel-linux-x86_64-fedora-gcc 0.9.9 293.29 OK
r-devel-windows-ix86+x86_64 0.9.9 269.00 244.00 513.00 OK
r-patched-linux-x86_64 0.9.9 107.37 115.30 222.67 OK
r-patched-solaris-x86 0.9.9 264.60 OK
r-release-linux-x86_64 0.9.9 121.60 114.55 236.15 OK
r-release-windows-ix86+x86_64 0.9.8 195.00 180.00 375.00 OK
r-release-osx-x86_64 0.9.9 NOTE
r-oldrel-windows-ix86+x86_64 0.9.8 182.00 236.00 418.00 OK
r-oldrel-osx-x86_64 0.9.8 NOTE

Check Details

Version: 0.9.9
Check: installed package size
Result: NOTE
     installed size is 7.3Mb
     sub-directories of 1Mb or more:
     libs 6.1Mb
Flavors: r-devel-linux-x86_64-fedora-clang, r-release-osx-x86_64

Version: 0.9.8
Check: installed package size
Result: NOTE
     installed size is 5.4Mb
     sub-directories of 1Mb or more:
     libs 4.8Mb
Flavor: r-oldrel-osx-x86_64