Last updated on 2019-04-21 01:47:52 CEST.
Flavor | Version | Tinstall | Tcheck | Ttotal | Status | Flags |
---|---|---|---|---|---|---|
r-devel-linux-x86_64-debian-clang | 3.0 | 2.32 | 54.77 | 57.09 | OK | |
r-devel-linux-x86_64-debian-gcc | 3.0 | 2.56 | 44.04 | 46.60 | OK | |
r-devel-linux-x86_64-fedora-clang | 3.0 | 63.97 | NOTE | |||
r-devel-linux-x86_64-fedora-gcc | 3.0 | 62.93 | NOTE | |||
r-devel-windows-ix86+x86_64 | 3.0 | 13.00 | 73.00 | 86.00 | OK | |
r-patched-linux-x86_64 | 3.0 | 2.00 | 53.28 | 55.28 | OK | |
r-patched-solaris-x86 | 3.0 | 59.60 | NOTE | |||
r-release-linux-x86_64 | 3.0 | 1.55 | 52.03 | 53.58 | OK | |
r-release-windows-ix86+x86_64 | 3.0 | 5.00 | 53.00 | 58.00 | OK | |
r-release-osx-x86_64 | 3.0 | NOTE | ||||
r-oldrel-windows-ix86+x86_64 | 3.0 | 7.00 | 63.00 | 70.00 | OK | |
r-oldrel-osx-x86_64 | 3.0 | NOTE |
Version: 3.0
Check: dependencies in R code
Result: NOTE
Namespaces in Imports field not imported from:
‘Hmisc’ ‘RcmdrPlugin.IPSUR’ ‘TeachingDemos’ ‘actuar’ ‘aplpack’
‘binom’ ‘boot’ ‘coin’ ‘distrEx’ ‘e1071’ ‘lmtest’ ‘mvtnorm’ ‘prob’
‘qcc’ ‘reshape’ ‘scatterplot3d’ ‘vcd’
All declared Imports should be used.
Flavors: r-devel-linux-x86_64-fedora-clang, r-devel-linux-x86_64-fedora-gcc, r-patched-solaris-x86, r-release-osx-x86_64, r-oldrel-osx-x86_64