Last updated on 2019-04-21 01:47:54 CEST.
Flavor | Version | Tinstall | Tcheck | Ttotal | Status | Flags |
---|---|---|---|---|---|---|
r-devel-linux-x86_64-debian-clang | 0.9.0 | 12.42 | 132.82 | 145.24 | OK | |
r-devel-linux-x86_64-debian-gcc | 0.9.0 | 9.20 | 105.85 | 115.05 | OK | |
r-devel-linux-x86_64-fedora-clang | 0.9.0 | 164.89 | NOTE | |||
r-devel-linux-x86_64-fedora-gcc | 0.9.0 | 157.72 | NOTE | |||
r-devel-windows-ix86+x86_64 | 0.9.0 | 24.00 | 311.00 | 335.00 | OK | |
r-patched-linux-x86_64 | 0.9.0 | 10.07 | 129.20 | 139.27 | OK | |
r-patched-solaris-x86 | 0.9.0 | 191.60 | WARN | |||
r-release-linux-x86_64 | 0.9.0 | 7.94 | 128.57 | 136.51 | OK | |
r-release-windows-ix86+x86_64 | 0.9.0 | 13.00 | 250.00 | 263.00 | OK | |
r-release-osx-x86_64 | 0.9.0 | WARN | ||||
r-oldrel-windows-ix86+x86_64 | 0.9.0 | 9.00 | 312.00 | 321.00 | OK | |
r-oldrel-osx-x86_64 | 0.9.0 | WARN |
Version: 0.9.0
Check: dependencies in R code
Result: NOTE
Namespace in Imports field not imported from: ‘methods’
All declared Imports should be used.
Flavors: r-devel-linux-x86_64-fedora-clang, r-devel-linux-x86_64-fedora-gcc, r-patched-solaris-x86, r-release-osx-x86_64, r-oldrel-osx-x86_64
Version: 0.9.0
Check: re-building of vignette outputs
Result: WARN
Error(s) in re-building vignettes:
...
--- re-building ‘LUCIDus-vignette.Rmd’ using rmarkdown
Warning in engine$weave(file, quiet = quiet, encoding = enc) :
Pandoc (>= 1.12.3) and/or pandoc-citeproc not available. Falling back to R Markdown v1.
Quitting from lines 62-63 (LUCIDus-vignette.Rmd)
Error: processing vignette 'LUCIDus-vignette.Rmd' failed with diagnostics:
there is no package called 'webshot'
--- failed re-building ‘LUCIDus-vignette.Rmd’
SUMMARY: processing the following file failed:
‘LUCIDus-vignette.Rmd’
Error: Vignette re-building failed.
Execution halted
Flavor: r-patched-solaris-x86
Version: 0.9.0
Check: re-building of vignette outputs
Result: WARN
Error in re-building vignettes:
...
Warning in engine$weave(file, quiet = quiet, encoding = enc) :
Pandoc (>= 1.12.3) and/or pandoc-citeproc not available. Falling back to R Markdown v1.
Quitting from lines 62-63 (LUCIDus-vignette.Rmd)
Error: processing vignette 'LUCIDus-vignette.Rmd' failed with diagnostics:
cannot open the connection
Execution halted
Flavors: r-release-osx-x86_64, r-oldrel-osx-x86_64