CRAN Package Check Results for Package Lock5Data

Last updated on 2019-04-21 01:47:53 CEST.

Flavor Version Tinstall Tcheck Ttotal Status Flags
r-devel-linux-x86_64-debian-clang 2.8 3.10 22.15 25.25 OK
r-devel-linux-x86_64-debian-gcc 2.8 3.14 19.66 22.80 OK
r-devel-linux-x86_64-fedora-clang 2.8 30.48 NOTE
r-devel-linux-x86_64-fedora-gcc 2.8 30.08 NOTE
r-devel-windows-ix86+x86_64 2.8 9.00 36.00 45.00 OK
r-patched-linux-x86_64 2.8 3.57 22.08 25.65 OK
r-patched-solaris-x86 2.8 42.50 NOTE
r-release-linux-x86_64 2.8 2.47 20.72 23.19 OK
r-release-windows-ix86+x86_64 2.8 8.00 37.00 45.00 OK
r-release-osx-x86_64 2.8 NOTE
r-oldrel-windows-ix86+x86_64 2.8 9.00 36.00 45.00 OK
r-oldrel-osx-x86_64 2.8 NOTE

Check Details

Version: 2.8
Check: data for non-ASCII characters
Result: NOTE
     Note: found 23 marked UTF-8 strings
Flavors: r-devel-linux-x86_64-fedora-clang, r-devel-linux-x86_64-fedora-gcc, r-patched-solaris-x86, r-release-osx-x86_64, r-oldrel-osx-x86_64