CRAN Package Check Results for Package MetabolomicsBasics

Last updated on 2019-04-21 01:47:54 CEST.

Flavor Version Tinstall Tcheck Ttotal Status Flags
r-devel-linux-x86_64-debian-clang 1.1 15.67 129.59 145.26 OK
r-devel-linux-x86_64-debian-gcc 1.1 13.22 103.62 116.84 OK
r-devel-linux-x86_64-fedora-clang 1.1 168.98 OK
r-devel-linux-x86_64-fedora-gcc 1.1 165.10 OK
r-devel-windows-ix86+x86_64 1.1 45.00 172.00 217.00 OK
r-patched-linux-x86_64 1.1 14.31 124.40 138.71 OK
r-patched-solaris-x86 1.1 269.00 OK
r-release-linux-x86_64 1.1 10.45 125.46 135.91 OK
r-release-windows-ix86+x86_64 1.1 19.00 149.00 168.00 OK
r-release-osx-x86_64 1.1 OK
r-oldrel-windows-ix86+x86_64 1.1 7.00 6.00 13.00 ERROR
r-oldrel-osx-x86_64 1.1 OK

Check Details

Version: 1.1
Check: whether package can be installed
Result: ERROR
    Installation failed.
Flavor: r-oldrel-windows-ix86+x86_64