CRAN Package Check Results for Package OOBCurve

Last updated on 2019-04-21 01:47:57 CEST.

Flavor Version Tinstall Tcheck Ttotal Status Flags
r-devel-linux-x86_64-debian-clang 0.3 7.68 80.15 87.83 OK
r-devel-linux-x86_64-debian-gcc 0.3 7.05 64.64 71.69 OK
r-devel-linux-x86_64-fedora-clang 0.3 102.57 NOTE
r-devel-linux-x86_64-fedora-gcc 0.3 97.98 NOTE
r-devel-windows-ix86+x86_64 0.3 23.00 117.00 140.00 OK
r-patched-linux-x86_64 0.3 8.66 78.19 86.85 OK
r-patched-solaris-x86 0.3 158.80 NOTE
r-release-linux-x86_64 0.3 5.27 75.67 80.94 NOTE
r-release-windows-ix86+x86_64 0.3 10.00 89.00 99.00 OK
r-release-osx-x86_64 0.3 NOTE
r-oldrel-windows-ix86+x86_64 0.3 14.00 148.00 162.00 OK
r-oldrel-osx-x86_64 0.3 NOTE

Check Details

Version: 0.3
Check: dependencies in R code
Result: NOTE
    Namespaces in Imports field not imported from:
     ‘randomForest’ ‘ranger’
     All declared Imports should be used.
Flavors: r-devel-linux-x86_64-fedora-clang, r-devel-linux-x86_64-fedora-gcc, r-patched-solaris-x86, r-release-osx-x86_64, r-oldrel-osx-x86_64

Version: 0.3
Check: DESCRIPTION meta-information
Result: NOTE
    Dependence on R version ‘3.3.3’ not with patchlevel 0
Flavor: r-release-linux-x86_64