CRAN Package Check Results for Package PReMiuM

Last updated on 2019-04-21 01:48:00 CEST.

Flavor Version Tinstall Tcheck Ttotal Status Flags
r-devel-linux-x86_64-debian-clang 3.2.1 73.63 122.62 196.25 OK
r-devel-linux-x86_64-debian-gcc 3.2.1 65.49 97.47 162.96 OK
r-devel-linux-x86_64-fedora-clang 3.2.1 261.91 NOTE
r-devel-linux-x86_64-fedora-gcc 3.2.1 243.61 OK
r-devel-windows-ix86+x86_64 3.2.1 178.00 278.00 456.00 OK
r-patched-linux-x86_64 3.2.1 72.42 121.29 193.71 OK
r-patched-solaris-x86 3.2.1 322.10 OK
r-release-linux-x86_64 3.2.1 67.27 117.38 184.65 OK
r-release-windows-ix86+x86_64 3.2.1 128.00 263.00 391.00 OK
r-release-osx-x86_64 3.2.1 NOTE
r-oldrel-windows-ix86+x86_64 3.2.1 163.00 283.00 446.00 OK
r-oldrel-osx-x86_64 3.2.1 NOTE

Check Details

Version: 3.2.1
Check: installed package size
Result: NOTE
     installed size is 13.4Mb
     sub-directories of 1Mb or more:
     libs 13.0Mb
Flavors: r-devel-linux-x86_64-fedora-clang, r-release-osx-x86_64, r-oldrel-osx-x86_64