Last updated on 2019-04-21 01:48:01 CEST.
Flavor | Version | Tinstall | Tcheck | Ttotal | Status | Flags |
---|---|---|---|---|---|---|
r-devel-linux-x86_64-debian-clang | 0.0.2 | 1.94 | 22.33 | 24.27 | OK | |
r-devel-linux-x86_64-debian-gcc | 0.0.2 | 2.22 | 22.10 | 24.32 | OK | |
r-devel-linux-x86_64-fedora-clang | 0.0.2 | 30.04 | NOTE | |||
r-devel-linux-x86_64-fedora-gcc | 0.0.2 | 29.24 | NOTE | |||
r-devel-windows-ix86+x86_64 | 0.0.2 | 6.00 | 37.00 | 43.00 | OK | |
r-patched-linux-x86_64 | 0.0.2 | 2.04 | 23.47 | 25.51 | OK | |
r-patched-solaris-x86 | 0.0.2 | 48.30 | NOTE | |||
r-release-linux-x86_64 | 0.0.2 | 1.29 | 22.16 | 23.45 | OK | |
r-release-windows-ix86+x86_64 | 0.0.2 | 3.00 | 40.00 | 43.00 | OK | |
r-release-osx-x86_64 | 0.0.2 | NOTE | ||||
r-oldrel-windows-ix86+x86_64 | 0.0.2 | 3.00 | 54.00 | 57.00 | OK | |
r-oldrel-osx-x86_64 | 0.0.2 | NOTE |
Version: 0.0.2
Check: dependencies in R code
Result: NOTE
Namespace in Imports field not imported from: ‘jsonlite’
All declared Imports should be used.
Flavors: r-devel-linux-x86_64-fedora-clang, r-devel-linux-x86_64-fedora-gcc, r-patched-solaris-x86, r-release-osx-x86_64, r-oldrel-osx-x86_64