Last updated on 2019-04-21 01:48:02 CEST.
Flavor | Version | Tinstall | Tcheck | Ttotal | Status | Flags |
---|---|---|---|---|---|---|
r-devel-linux-x86_64-debian-clang | 2.0-14 | 9.75 | 65.06 | 74.81 | NOTE | |
r-devel-linux-x86_64-debian-gcc | 2.0-14 | 9.43 | 51.47 | 60.90 | NOTE | |
r-devel-linux-x86_64-fedora-clang | 2.0-14 | 89.13 | NOTE | |||
r-devel-linux-x86_64-fedora-gcc | 2.0-14 | 83.41 | NOTE | |||
r-devel-windows-ix86+x86_64 | 2.0-14 | 27.00 | 110.00 | 137.00 | NOTE | |
r-patched-linux-x86_64 | 2.0-14 | 10.43 | 63.58 | 74.01 | NOTE | |
r-patched-solaris-x86 | 2.0-14 | 124.00 | NOTE | |||
r-release-linux-x86_64 | 2.0-14 | 7.90 | 61.29 | 69.19 | NOTE | |
r-release-windows-ix86+x86_64 | 2.0-14 | 14.00 | 77.00 | 91.00 | WARN | |
r-release-osx-x86_64 | 2.0-14 | NOTE | ||||
r-oldrel-windows-ix86+x86_64 | 2.0-14 | 16.00 | 105.00 | 121.00 | WARN | |
r-oldrel-osx-x86_64 | 2.0-14 | NOTE |
Version: 2.0-14
Check: package dependencies
Result: NOTE
Packages suggested but not available for checking:
'playwith', 'pmg', 'SVGAnnotation'
Flavors: r-devel-linux-x86_64-debian-clang, r-devel-linux-x86_64-debian-gcc, r-patched-linux-x86_64
Version: 2.0-14
Check: package dependencies
Result: NOTE
Packages suggested but not available for checking: 'playwith', 'pmg'
Flavors: r-devel-linux-x86_64-fedora-clang, r-devel-linux-x86_64-fedora-gcc
Version: 2.0-14
Check: installed package size
Result: NOTE
installed size is 9.9Mb
sub-directories of 1Mb or more:
extra 9.4Mb
Flavors: r-devel-linux-x86_64-fedora-clang, r-devel-windows-ix86+x86_64, r-patched-solaris-x86, r-release-windows-ix86+x86_64, r-release-osx-x86_64, r-oldrel-windows-ix86+x86_64, r-oldrel-osx-x86_64
Version: 2.0-14
Check: package dependencies
Result: NOTE
Packages suggested but not available for checking: 'pmg', 'SVGAnnotation'
Flavor: r-devel-windows-ix86+x86_64
Version: 2.0-14
Check: package dependencies
Result: NOTE
Packages suggested but not available for checking:
'playwith', 'pmg', 'rggobi', 'SVGAnnotation'
Flavor: r-patched-solaris-x86
Version: 2.0-14
Check: package dependencies
Result: NOTE
Packages suggested but not available for checking:
‘playwith’ ‘pmg’ ‘SVGAnnotation’
Flavor: r-release-linux-x86_64
Version: 2.0-14
Check: package dependencies
Result: NOTE
Packages suggested but not available for checking: 'pmg' 'SVGAnnotation'
Flavor: r-release-windows-ix86+x86_64
Version: 2.0-14
Check: whether package can be installed
Result: WARN
Found the following significant warnings:
Warning: S3 methods '[.fun_list', '[.grouped_df', 'all.equal.tbl_df', 'anti_join.data.frame', 'anti_join.tbl_df', 'arrange.data.frame', 'arrange.default', 'arrange.grouped_df', 'arrange.tbl_df', 'arrange_.data.frame', 'arrange_.tbl_df', 'as.data.frame.grouped_df', 'as.data.frame.rowwise_df', 'as.data.frame.tbl_cube', 'as.table.tbl_cube', 'as.tbl.data.frame', 'as.tbl.tbl', 'as.tbl_cube.array', 'as.tbl_cube.data.frame', 'as.tbl_cube.matrix', 'as.tbl_cube.table', 'as_tibble.grouped_df', 'as_tibble.tbl_cube', 'auto_copy.tbl_cube', 'auto_copy.tbl_df', 'cbind.grouped_df', 'collapse.data.frame', 'collect.data.frame', 'common_by.NULL', 'common_by.character', 'common_by.default', 'common_by.list', 'compute.data.frame', 'copy_to.DBIConnection', 'copy_to.src_local', 'default_missing.data.frame', 'default_missing.default', 'dim.tbl_cube', 'distinct.data.frame', 'distinct.default', 'distinct.grouped_df', 'distinct.tbl_df', 'distinct_.data.frame', 'distinct_.grouped_df', 'distinct_.tbl_df', 'do.NULL', 'do.da [... truncated]
Flavors: r-release-windows-ix86+x86_64, r-oldrel-windows-ix86+x86_64
Version: 2.0-14
Check: package dependencies
Result: NOTE
Packages suggested but not available for checking:
‘gWidgetsRGtk2’ ‘hyperdraw’ ‘hypergraph’ ‘playwith’ ‘pmg’ ‘rggobi’
‘SVGAnnotation’
Flavor: r-release-osx-x86_64
Version: 2.0-14
Check: package dependencies
Result: NOTE
Packages suggested but not available for checking:
‘graph’ ‘gWidgetsRGtk2’ ‘hyperdraw’ ‘hypergraph’ ‘playwith’ ‘pmg’
‘rgdal’ ‘rggobi’ ‘Rgraphviz’ ‘SVGAnnotation’
Flavor: r-oldrel-osx-x86_64