CRAN Package Check Results for Package RHPCBenchmark

Last updated on 2019-04-21 01:48:02 CEST.

Flavor Version Tinstall Tcheck Ttotal Status Flags
r-devel-linux-x86_64-debian-clang 0.1.0 3.51 31.84 35.35 OK
r-devel-linux-x86_64-debian-gcc 0.1.0 3.86 29.24 33.10 OK
r-devel-linux-x86_64-fedora-clang 0.1.0 43.23 OK
r-devel-linux-x86_64-fedora-gcc 0.1.0 41.98 OK
r-devel-windows-ix86+x86_64 0.1.0 12.00 59.00 71.00 OK
r-patched-linux-x86_64 0.1.0 4.33 32.43 36.76 OK
r-patched-solaris-x86 0.1.0 62.00 OK
r-release-linux-x86_64 0.1.0 2.89 30.81 33.70 NOTE
r-release-windows-ix86+x86_64 0.1.0 5.00 44.00 49.00 OK
r-release-osx-x86_64 0.1.0 OK
r-oldrel-windows-ix86+x86_64 0.1.0 4.00 57.00 61.00 OK
r-oldrel-osx-x86_64 0.1.0 OK

Check Details

Version: 0.1.0
Check: DESCRIPTION meta-information
Result: NOTE
    Dependence on R version ‘3.3.1’ not with patchlevel 0
Flavor: r-release-linux-x86_64