Last updated on 2019-04-21 01:48:02 CEST.
Flavor | Version | Tinstall | Tcheck | Ttotal | Status | Flags |
---|---|---|---|---|---|---|
r-devel-linux-x86_64-debian-clang | 1.3-1.1 | 13.92 | 40.02 | 53.94 | OK | |
r-devel-linux-x86_64-debian-gcc | 1.3-1.1 | 11.87 | 37.25 | 49.12 | OK | |
r-devel-linux-x86_64-fedora-clang | 1.3-1.1 | 73.76 | OK | |||
r-devel-linux-x86_64-fedora-gcc | 1.3-1.1 | 67.89 | OK | |||
r-devel-windows-ix86+x86_64 | 1.3-1.1 | 39.00 | 91.00 | 130.00 | NOTE | |
r-patched-linux-x86_64 | 1.3-1.1 | 13.48 | 40.72 | 54.20 | OK | |
r-patched-solaris-x86 | 1.3-1.1 | 110.90 | OK | |||
r-release-linux-x86_64 | 1.3-1.1 | 13.70 | 37.27 | 50.97 | OK | |
r-release-windows-ix86+x86_64 | 1.3-1.1 | 38.00 | 84.00 | 122.00 | OK | |
r-release-osx-x86_64 | 1.3-1.1 | OK | ||||
r-oldrel-windows-ix86+x86_64 | 1.3-1.1 | 45.00 | 110.00 | 155.00 | OK | |
r-oldrel-osx-x86_64 | 1.3-1.1 | OK |
Version: 1.3-1.1
Check: top-level files
Result: NOTE
Found a 'configure.in' file: 'configure.ac' has long been preferred.
Flavor: r-devel-windows-ix86+x86_64