CRAN Package Check Results for Package RNOmni

Last updated on 2019-04-21 01:48:03 CEST.

Flavor Version Tinstall Tcheck Ttotal Status Flags
r-devel-linux-x86_64-debian-clang 0.6.0 58.64 46.98 105.62 OK
r-devel-linux-x86_64-debian-gcc 0.6.0 57.16 40.01 97.17 OK
r-devel-linux-x86_64-fedora-clang 0.6.0 158.97 NOTE
r-devel-linux-x86_64-fedora-gcc 0.6.0 146.98 OK
r-devel-windows-ix86+x86_64 0.6.0 132.00 100.00 232.00 OK
r-patched-linux-x86_64 0.6.0 65.62 43.51 109.13 OK
r-patched-solaris-x86 0.6.0 154.00 OK
r-release-linux-x86_64 0.6.0 67.64 42.07 109.71 OK
r-release-windows-ix86+x86_64 0.6.0 108.00 80.00 188.00 OK
r-release-osx-x86_64 0.6.0 NOTE
r-oldrel-windows-ix86+x86_64 0.6.0 98.00 107.00 205.00 OK
r-oldrel-osx-x86_64 0.6.0 NOTE

Check Details

Version: 0.6.0
Check: installed package size
Result: NOTE
     installed size is 16.6Mb
     sub-directories of 1Mb or more:
     libs 16.4Mb
Flavors: r-devel-linux-x86_64-fedora-clang, r-release-osx-x86_64, r-oldrel-osx-x86_64