CRAN Package Check Results for Package RNeXML

Last updated on 2019-04-21 01:48:03 CEST.

Flavor Version Tinstall Tcheck Ttotal Status Flags
r-devel-linux-x86_64-debian-clang 2.3.0 17.09 219.66 236.75 NOTE
r-devel-linux-x86_64-debian-gcc 2.3.0 13.30 168.25 181.55 NOTE
r-devel-linux-x86_64-fedora-clang 2.3.0 259.86 NOTE
r-devel-linux-x86_64-fedora-gcc 2.3.0 252.44 NOTE
r-devel-windows-ix86+x86_64 2.3.0 36.00 260.00 296.00 NOTE
r-patched-linux-x86_64 2.3.0 14.38 214.37 228.75 NOTE
r-patched-solaris-x86 2.3.0 320.40 NOTE
r-release-linux-x86_64 2.3.0 12.65 208.81 221.46 NOTE
r-release-windows-ix86+x86_64 2.3.0 20.00 283.00 303.00 NOTE
r-release-osx-x86_64 2.3.0 NOTE
r-oldrel-windows-ix86+x86_64 2.3.0 21.00 371.00 392.00 NOTE
r-oldrel-osx-x86_64 2.3.0 NOTE

Check Details

Version: 2.3.0
Check: package dependencies
Result: NOTE
    Package suggested but not available for checking: 'taxadb'
Flavors: r-devel-linux-x86_64-debian-clang, r-devel-linux-x86_64-debian-gcc, r-devel-linux-x86_64-fedora-clang, r-devel-linux-x86_64-fedora-gcc, r-devel-windows-ix86+x86_64, r-patched-linux-x86_64, r-patched-solaris-x86, r-release-linux-x86_64, r-release-windows-ix86+x86_64, r-release-osx-x86_64, r-oldrel-windows-ix86+x86_64, r-oldrel-osx-x86_64