CRAN Package Check Results for Package RNetCDF

Last updated on 2019-04-21 01:48:03 CEST.

Flavor Version Tinstall Tcheck Ttotal Status Flags
r-devel-linux-x86_64-debian-clang 1.9-1 6.86 31.30 38.16 OK
r-devel-linux-x86_64-debian-gcc 1.9-1 5.93 28.03 33.96 OK
r-devel-linux-x86_64-fedora-clang 1.9-1 44.54 OK
r-devel-linux-x86_64-fedora-gcc 1.9-1 42.62 OK
r-devel-windows-ix86+x86_64 1.9-1 23.00 78.00 101.00 NOTE
r-patched-linux-x86_64 1.9-1 5.87 31.16 37.03 OK
r-patched-solaris-x86 1.9-1 55.10 OK
r-release-linux-x86_64 1.9-1 5.56 27.99 33.55 OK
r-release-windows-ix86+x86_64 1.9-1 21.00 79.00 100.00 NOTE
r-release-osx-x86_64 1.9-1 NOTE
r-oldrel-windows-ix86+x86_64 1.9-1 25.00 82.00 107.00 NOTE
r-oldrel-osx-x86_64 1.9-1 NOTE

Check Details

Version: 1.9-1
Check: installed package size
Result: NOTE
     installed size is 9.3Mb
     sub-directories of 1Mb or more:
     libs 8.9Mb
Flavors: r-devel-windows-ix86+x86_64, r-release-windows-ix86+x86_64, r-release-osx-x86_64, r-oldrel-windows-ix86+x86_64, r-oldrel-osx-x86_64