Last updated on 2019-04-21 01:48:03 CEST.
Flavor | Version | Tinstall | Tcheck | Ttotal | Status | Flags |
---|---|---|---|---|---|---|
r-devel-linux-x86_64-debian-clang | 0.10.0 | 29.54 | 27.31 | 56.85 | OK | |
r-devel-linux-x86_64-debian-gcc | 0.10.0 | 27.06 | 25.35 | 52.41 | OK | |
r-devel-linux-x86_64-fedora-clang | 0.10.0 | 78.75 | NOTE | |||
r-devel-linux-x86_64-fedora-gcc | 0.10.0 | 71.39 | OK | |||
r-devel-windows-ix86+x86_64 | 0.10.0 | 98.00 | 59.00 | 157.00 | OK | |
r-patched-linux-x86_64 | 0.10.0 | 28.17 | 26.97 | 55.14 | OK | |
r-patched-solaris-x86 | 0.10.0 | 89.90 | OK | |||
r-release-linux-x86_64 | 0.10.0 | 27.58 | 25.45 | 53.03 | OK | |
r-release-windows-ix86+x86_64 | 0.10.0 | 117.00 | 83.00 | 200.00 | OK | |
r-release-osx-x86_64 | 0.10.0 | NOTE | ||||
r-oldrel-windows-ix86+x86_64 | 0.10.0 | 71.00 | 81.00 | 152.00 | OK | |
r-oldrel-osx-x86_64 | 0.10.0 | OK |
Version: 0.10.0
Check: installed package size
Result: NOTE
installed size is 5.1Mb
sub-directories of 1Mb or more:
doxygen 1.3Mb
libs 3.2Mb
Flavors: r-devel-linux-x86_64-fedora-clang, r-release-osx-x86_64