CRAN Package Check Results for Package ROC632

Last updated on 2019-04-21 01:48:03 CEST.

Flavor Version Tinstall Tcheck Ttotal Status Flags
r-devel-linux-x86_64-debian-clang 0.6 6.97 55.28 62.25 NOTE
r-devel-linux-x86_64-debian-gcc 0.6 7.20 48.25 55.45 NOTE
r-devel-linux-x86_64-fedora-clang 0.6 74.24 NOTE
r-devel-linux-x86_64-fedora-gcc 0.6 71.69 NOTE
r-devel-windows-ix86+x86_64 0.6 18.00 64.00 82.00 NOTE
r-patched-linux-x86_64 0.6 7.84 55.17 63.01 NOTE
r-patched-solaris-x86 0.6 116.50 NOTE
r-release-linux-x86_64 0.6 5.80 52.19 57.99 NOTE
r-release-windows-ix86+x86_64 0.6 8.00 81.00 89.00 NOTE
r-release-osx-x86_64 0.6 NOTE
r-oldrel-windows-ix86+x86_64 0.6 7.00 80.00 87.00 NOTE
r-oldrel-osx-x86_64 0.6 NOTE

Check Details

Version: 0.6
Check: DESCRIPTION meta-information
Result: NOTE
    Malformed Title field: should not end in a period.
Flavors: r-devel-linux-x86_64-debian-clang, r-devel-linux-x86_64-debian-gcc, r-devel-linux-x86_64-fedora-clang, r-devel-linux-x86_64-fedora-gcc, r-devel-windows-ix86+x86_64, r-patched-linux-x86_64, r-patched-solaris-x86, r-release-linux-x86_64, r-release-windows-ix86+x86_64, r-release-osx-x86_64, r-oldrel-windows-ix86+x86_64, r-oldrel-osx-x86_64

Version: 0.6
Check: dependencies in R code
Result: NOTE
    Packages in Depends field not imported from:
     'penalized' 'splines' 'survival' 'survivalROC'
     These packages need to be imported from (in the NAMESPACE file)
     for when this namespace is loaded but not attached.
Flavors: r-devel-linux-x86_64-debian-clang, r-devel-linux-x86_64-debian-gcc, r-devel-linux-x86_64-fedora-clang, r-devel-linux-x86_64-fedora-gcc, r-devel-windows-ix86+x86_64, r-patched-linux-x86_64, r-patched-solaris-x86, r-release-linux-x86_64, r-release-windows-ix86+x86_64, r-release-osx-x86_64, r-oldrel-windows-ix86+x86_64, r-oldrel-osx-x86_64

Version: 0.6
Check: R code for possible problems
Result: NOTE
    boot.ROC: no visible global function definition for 'qnorm'
    boot.ROC: no visible global function definition for 'penalized'
    boot.ROC: no visible global function definition for 'coefficients'
    boot.ROC: no visible global function definition for 'sd'
    boot.ROC: no visible global function definition for 'optL1'
    boot.ROCt: no visible global function definition for 'qnorm'
    boot.ROCt: no visible global function definition for 'penalized'
    boot.ROCt: no visible global function definition for 'Surv'
    boot.ROCt: no visible global function definition for 'coefficients'
    boot.ROCt: no visible global function definition for 'sd'
    boot.ROCt: no visible global function definition for 'survivalROC'
    boot.ROCt: no visible global function definition for 'optL1'
    Undefined global functions or variables:
     Surv coefficients optL1 penalized qnorm sd survivalROC
    Consider adding
     importFrom("stats", "coefficients", "qnorm", "sd")
    to your NAMESPACE file.
Flavors: r-devel-linux-x86_64-debian-clang, r-devel-linux-x86_64-debian-gcc, r-devel-linux-x86_64-fedora-clang, r-devel-linux-x86_64-fedora-gcc, r-devel-windows-ix86+x86_64, r-patched-linux-x86_64, r-patched-solaris-x86, r-release-linux-x86_64, r-release-windows-ix86+x86_64, r-release-osx-x86_64, r-oldrel-windows-ix86+x86_64, r-oldrel-osx-x86_64