CRAN Package Check Results for Package Rblpapi

Last updated on 2019-04-21 01:48:01 CEST.

Flavor Version Tinstall Tcheck Ttotal Status Flags
r-devel-linux-x86_64-debian-clang 0.3.10 121.85 28.19 150.04 NOTE
r-devel-linux-x86_64-debian-gcc 0.3.10 104.92 26.98 131.90 NOTE
r-devel-linux-x86_64-fedora-clang 0.3.10 240.34 NOTE
r-devel-linux-x86_64-fedora-gcc 0.3.10 214.60 NOTE
r-devel-windows-ix86+x86_64 0.3.10 365.00 139.00 504.00 NOTE
r-patched-linux-x86_64 0.3.10 117.77 28.73 146.50 NOTE
r-release-linux-x86_64 0.3.10 119.24 26.97 146.21 OK
r-release-windows-ix86+x86_64 0.3.10 281.00 171.00 452.00 NOTE
r-release-osx-x86_64 0.3.10 NOTE
r-oldrel-windows-ix86+x86_64 0.3.10 273.00 170.00 443.00 NOTE
r-oldrel-osx-x86_64 0.3.9 NOTE

Check Details

Version: 0.3.10
Check: whether package can be installed
Result: NOTE
    Found the following notes/warnings:
     Non-staged installation was used
Flavors: r-devel-linux-x86_64-debian-clang, r-devel-linux-x86_64-debian-gcc, r-devel-linux-x86_64-fedora-clang, r-devel-linux-x86_64-fedora-gcc, r-devel-windows-ix86+x86_64, r-patched-linux-x86_64

Version: 0.3.10
Check: installed package size
Result: NOTE
     installed size is 14.8Mb
     sub-directories of 1Mb or more:
     blp 7.1Mb
     libs 6.7Mb
Flavors: r-devel-linux-x86_64-fedora-clang, r-devel-windows-ix86+x86_64, r-release-windows-ix86+x86_64, r-release-osx-x86_64, r-oldrel-windows-ix86+x86_64

Version: 0.3.9
Check: installed package size
Result: NOTE
     installed size is 10.7Mb
     sub-directories of 1Mb or more:
     blp 5.9Mb
     libs 3.9Mb
Flavor: r-oldrel-osx-x86_64