Last updated on 2019-04-21 01:48:01 CEST.
Flavor | Version | Tinstall | Tcheck | Ttotal | Status | Flags |
---|---|---|---|---|---|---|
r-devel-linux-x86_64-debian-clang | 0.7.10 | 23.86 | 134.82 | 158.68 | NOTE | |
r-devel-linux-x86_64-debian-gcc | 0.7.10 | 19.32 | 106.58 | 125.90 | NOTE | |
r-devel-linux-x86_64-fedora-clang | 0.7.10 | 187.56 | NOTE | |||
r-devel-linux-x86_64-fedora-gcc | 0.7.10 | 181.09 | NOTE | |||
r-devel-windows-ix86+x86_64 | 0.7.10 | 64.00 | 226.00 | 290.00 | NOTE | |
r-patched-linux-x86_64 | 0.7.10 | 21.77 | 133.42 | 155.19 | NOTE | |
r-patched-solaris-x86 | 0.7.10 | 293.60 | NOTE | |||
r-release-linux-x86_64 | 0.7.10 | 15.78 | 122.96 | 138.74 | NOTE | |
r-release-windows-ix86+x86_64 | 0.7.10 | 45.00 | 188.00 | 233.00 | NOTE | |
r-release-osx-x86_64 | 0.7.10 | NOTE | ||||
r-oldrel-windows-ix86+x86_64 | 0.7.10 | 23.00 | 243.00 | 266.00 | NOTE | |
r-oldrel-osx-x86_64 | 0.7.10 | NOTE |
Version: 0.7.10
Check: package dependencies
Result: NOTE
Package suggested but not available for checking: 'ROpenOffice'
Flavors: r-devel-linux-x86_64-debian-clang, r-devel-linux-x86_64-debian-gcc, r-devel-linux-x86_64-fedora-clang, r-devel-linux-x86_64-fedora-gcc, r-devel-windows-ix86+x86_64, r-patched-linux-x86_64, r-patched-solaris-x86, r-release-linux-x86_64, r-release-windows-ix86+x86_64, r-release-osx-x86_64, r-oldrel-windows-ix86+x86_64, r-oldrel-osx-x86_64