CRAN Package Check Results for Package RcppExamples

Last updated on 2019-04-21 01:48:01 CEST.

Flavor Version Tinstall Tcheck Ttotal Status Flags
r-devel-linux-x86_64-debian-clang 0.1.8 52.66 22.07 74.73 OK
r-devel-linux-x86_64-debian-gcc 0.1.8 42.13 21.24 63.37 OK
r-devel-linux-x86_64-fedora-clang 0.1.8 110.45 NOTE
r-devel-linux-x86_64-fedora-gcc 0.1.8 98.04 NOTE
r-devel-windows-ix86+x86_64 0.1.8 128.00 59.00 187.00 OK
r-patched-linux-x86_64 0.1.8 48.99 22.09 71.08 OK
r-patched-solaris-x86 0.1.8 115.60 OK
r-release-linux-x86_64 0.1.8 46.52 20.99 67.51 OK
r-release-windows-ix86+x86_64 0.1.8 96.00 80.00 176.00 OK
r-release-osx-x86_64 0.1.8 OK
r-oldrel-windows-ix86+x86_64 0.1.8 88.00 75.00 163.00 OK
r-oldrel-osx-x86_64 0.1.8 OK

Check Details

Version: 0.1.8
Check: compiled code
Result: NOTE
    File ‘RcppExamples/libs/RcppExamples.so’:
     Found no calls to: ‘R_registerRoutines’, ‘R_useDynamicSymbols’
    
    It is good practice to register native routines and to disable symbol
    search.
    
    See ‘Writing portable packages’ in the ‘Writing R Extensions’ manual.
Flavors: r-devel-linux-x86_64-fedora-clang, r-devel-linux-x86_64-fedora-gcc