CRAN Package Check Results for Package Rdsdp

Last updated on 2019-04-21 01:48:01 CEST.

Flavor Version Tinstall Tcheck Ttotal Status Flags
r-devel-linux-x86_64-debian-clang 1.0.4-2 25.89 22.93 48.82 OK
r-devel-linux-x86_64-debian-gcc 1.0.4-2 19.20 22.47 41.67 WARN
r-devel-linux-x86_64-fedora-clang 1.0.4-2 62.30 NOTE
r-devel-linux-x86_64-fedora-gcc 1.0.4-2 56.12 WARN
r-devel-windows-ix86+x86_64 1.0.4-2 68.00 45.00 113.00 OK
r-patched-linux-x86_64 1.0.4-2 20.31 23.15 43.46 WARN
r-patched-solaris-x86 1.0.4-2 89.80 OK
r-release-linux-x86_64 1.0.4-2 21.23 20.07 41.30 WARN
r-release-windows-ix86+x86_64 1.0.4-2 67.00 46.00 113.00 OK
r-release-osx-x86_64 1.0.4-2 OK
r-oldrel-windows-ix86+x86_64 1.0.4-2 72.00 40.00 112.00 OK
r-oldrel-osx-x86_64 1.0.4-2 OK

Additional issues

rchk

Check Details

Version: 1.0.4-2
Check: whether package can be installed
Result: WARN
    Found the following significant warnings:
     Rreadsdpa.c:608:15: warning: ‘strncpy’ output may be truncated copying 3999 bytes from a string of length 3999 [-Wstringop-truncation]
     Rreadsdpa.c:1041:13: warning: ‘strncpy’ output may be truncated copying 39 bytes from a string of length 39 [-Wstringop-truncation]
     Rreadsdpa.c:1042:13: warning: ‘strncpy’ output may be truncated copying 39 bytes from a string of length 39 [-Wstringop-truncation]
     dsdpsetoptions.c:164:4: warning: ‘strncpy’ output may be truncated copying 39 bytes from a string of length 39 [-Wstringop-truncation]
     dsdpsetoptions.c:165:4: warning: ‘strncpy’ output may be truncated copying 39 bytes from a string of length 39 [-Wstringop-truncation]
Flavors: r-devel-linux-x86_64-debian-gcc, r-devel-linux-x86_64-fedora-gcc, r-patched-linux-x86_64, r-release-linux-x86_64

Version: 1.0.4-2
Check: compiled code
Result: NOTE
    File ‘Rdsdp/libs/Rdsdp.so’:
     Found no calls to: ‘R_registerRoutines’, ‘R_useDynamicSymbols’
    
    It is good practice to register native routines and to disable symbol
    search.
    
    See ‘Writing portable packages’ in the ‘Writing R Extensions’ manual.
Flavors: r-devel-linux-x86_64-fedora-clang, r-devel-linux-x86_64-fedora-gcc