CRAN Package Check Results for Package SDMPlay

Last updated on 2019-04-21 01:48:04 CEST.

Flavor Version Tinstall Tcheck Ttotal Status Flags
r-devel-linux-x86_64-debian-clang 1.2 3.51 94.11 97.62 OK
r-devel-linux-x86_64-debian-gcc 1.2 3.69 73.14 76.83 OK
r-devel-linux-x86_64-fedora-clang 1.2 111.06 NOTE
r-devel-linux-x86_64-fedora-gcc 1.2 104.67 NOTE
r-devel-windows-ix86+x86_64 1.2 10.00 103.00 113.00 OK
r-patched-linux-x86_64 1.2 3.66 89.89 93.55 OK
r-patched-solaris-x86 1.2 173.10 NOTE
r-release-linux-x86_64 1.2 3.12 87.52 90.64 OK
r-release-windows-ix86+x86_64 1.2 6.00 110.00 116.00 OK
r-release-osx-x86_64 1.2 NOTE
r-oldrel-windows-ix86+x86_64 1.2 6.00 153.00 159.00 OK
r-oldrel-osx-x86_64 1.2 NOTE

Check Details

Version: 1.2
Check: dependencies in R code
Result: NOTE
    Namespace in Imports field not imported from: ‘gbm’
     All declared Imports should be used.
Flavors: r-devel-linux-x86_64-fedora-clang, r-devel-linux-x86_64-fedora-gcc, r-patched-solaris-x86, r-release-osx-x86_64, r-oldrel-osx-x86_64

Version: 1.2
Check: installed package size
Result: NOTE
     installed size is 5.3Mb
     sub-directories of 1Mb or more:
     data 1.5Mb
     vignette_data 2.1Mb
Flavor: r-patched-solaris-x86