CRAN Package Check Results for Package SimRAD

Last updated on 2019-04-21 01:48:05 CEST.

Flavor Version Tinstall Tcheck Ttotal Status Flags
r-devel-linux-x86_64-debian-clang 0.96 26.31 255.05 281.36 OK
r-devel-linux-x86_64-debian-gcc 0.96 27.43 203.01 230.44 OK
r-devel-linux-x86_64-fedora-clang 0.96 350.87 OK
r-devel-linux-x86_64-fedora-gcc 0.96 346.50 OK
r-devel-windows-ix86+x86_64 0.96 80.00 232.00 312.00 OK
r-patched-linux-x86_64 0.96 26.64 249.11 275.75 OK
r-patched-solaris-x86 0.96 516.40 OK
r-release-linux-x86_64 0.96 15.41 244.31 259.72 OK
r-release-windows-ix86+x86_64 0.96 37.00 308.00 345.00 OK
r-release-osx-x86_64 0.96 ERROR
r-oldrel-windows-ix86+x86_64 0.96 34.00 296.00 330.00 OK
r-oldrel-osx-x86_64 0.96 OK

Check Details

Version: 0.96
Check: package dependencies
Result: ERROR
    Package required but not available: ‘ShortRead’
    
    See section ‘The DESCRIPTION file’ in the ‘Writing R Extensions’
    manual.
Flavor: r-release-osx-x86_64