Last updated on 2019-04-21 01:48:06 CEST.
Flavor | Version | Tinstall | Tcheck | Ttotal | Status | Flags |
---|---|---|---|---|---|---|
r-devel-linux-x86_64-debian-clang | 0.1.2 | 18.31 | 146.09 | 164.40 | OK | |
r-devel-linux-x86_64-debian-gcc | 0.1.2 | 16.40 | 117.29 | 133.69 | OK | |
r-devel-linux-x86_64-fedora-clang | 0.1.2 | 197.62 | NOTE | |||
r-devel-linux-x86_64-fedora-gcc | 0.1.2 | 191.29 | NOTE | |||
r-devel-windows-ix86+x86_64 | 0.1.2 | 62.00 | 156.00 | 218.00 | OK | |
r-patched-linux-x86_64 | 0.1.2 | 16.69 | 144.05 | 160.74 | OK | |
r-patched-solaris-x86 | 0.1.2 | 335.70 | NOTE | |||
r-release-linux-x86_64 | 0.1.2 | 10.62 | 141.75 | 152.37 | OK | |
r-release-windows-ix86+x86_64 | 0.1.2 | 24.00 | 160.00 | 184.00 | OK | |
r-release-osx-x86_64 | 0.1.2 | NOTE | ||||
r-oldrel-windows-ix86+x86_64 | 0.1.2 | 42.00 | 245.00 | 287.00 | OK | |
r-oldrel-osx-x86_64 | 0.1.2 | NOTE |
Version: 0.1.2
Check: dependencies in R code
Result: NOTE
Namespaces in Imports field not imported from:
‘devtools’ ‘rstudioapi’
All declared Imports should be used.
Flavors: r-devel-linux-x86_64-fedora-clang, r-devel-linux-x86_64-fedora-gcc, r-patched-solaris-x86, r-release-osx-x86_64, r-oldrel-osx-x86_64