CRAN Package Check Results for Package Surrogate

Last updated on 2019-04-21 01:48:07 CEST.

Flavor Version Tinstall Tcheck Ttotal Status Flags
r-devel-linux-x86_64-debian-clang 1.2 38.86 210.38 249.24 OK
r-devel-linux-x86_64-debian-gcc 1.2 32.21 212.57 244.78 OK
r-devel-linux-x86_64-fedora-clang 1.2 291.06 NOTE
r-devel-linux-x86_64-fedora-gcc 1.2 277.47 NOTE
r-devel-windows-ix86+x86_64 1.2 78.00 296.00 374.00 OK
r-patched-linux-x86_64 1.2 34.29 209.92 244.21 OK
r-patched-solaris-x86 1.2 397.30 NOTE
r-release-linux-x86_64 1.2 26.82 204.71 231.53 OK
r-release-windows-ix86+x86_64 1.2 43.00 282.00 325.00 OK
r-release-osx-x86_64 1.2 NOTE
r-oldrel-windows-ix86+x86_64 1.2 22.00 243.00 265.00 OK
r-oldrel-osx-x86_64 1.2 NOTE

Check Details

Version: 1.2
Check: dependencies in R code
Result: NOTE
    Namespace in Imports field not imported from: ‘rootSolve’
     All declared Imports should be used.
Flavors: r-devel-linux-x86_64-fedora-clang, r-devel-linux-x86_64-fedora-gcc, r-patched-solaris-x86, r-release-osx-x86_64, r-oldrel-osx-x86_64