CRAN Package Check Results for Package aplpack

Last updated on 2019-04-21 01:47:39 CEST.

Flavor Version Tinstall Tcheck Ttotal Status Flags
r-devel-linux-x86_64-debian-clang 1.3.2 25.43 115.46 140.89 OK
r-devel-linux-x86_64-debian-gcc 1.3.2 19.43 103.05 122.48 OK
r-devel-linux-x86_64-fedora-clang 1.3.2 166.55 OK
r-devel-linux-x86_64-fedora-gcc 1.3.2 162.51 OK
r-devel-windows-ix86+x86_64 1.3.2 23.00 85.00 108.00 OK
r-patched-linux-x86_64 1.3.2 24.49 116.26 140.75 OK
r-patched-solaris-x86 1.3.2 202.90 NOTE
r-release-linux-x86_64 1.3.2 19.03 99.83 118.86 OK
r-release-windows-ix86+x86_64 1.3.2 20.00 86.00 106.00 OK
r-release-osx-x86_64 1.3.2 OK
r-oldrel-windows-ix86+x86_64 1.3.2 5.00 105.00 110.00 OK
r-oldrel-osx-x86_64 1.3.2 OK

Check Details

Version: 1.3.2
Check: installed package size
Result: NOTE
     installed size is 5.1Mb
     sub-directories of 1Mb or more:
     doc 3.3Mb
Flavor: r-patched-solaris-x86